
What are the prime factors of 354246922?
2, 163, 1086647
What are the prime factors of 1034890880?
2, 5, 317, 5101
What are the prime factors of 1241235035?
5, 1789, 138763
What are the prime factors of 1260135944?
2, 751, 209743
What are the prime factors of 404363068?
2, 101090767
What are the prime factors of 6804252121?
2477, 2746973
What are the prime factors of 15523774?
2, 7, 43, 107, 241
List the prime factors of 139452888.
2, 3, 5810537
List the prime factors of 99798151.
107, 181, 5153
What are the prime factors of 1305989361?
3, 487, 297967
What are the prime factors of 409505498?
2, 13001, 15749
What are the prime factors of 784369991?
5113, 153407
What are the prime factors of 123269586?
2, 3, 11, 137, 13633
List the prime factors of 885859745.
5, 73, 491, 4943
List the prime factors of 815017275.
3, 5, 263, 4591
What are the prime factors of 5053769505?
3, 5, 37, 877, 3461
What are the prime factors of 101958555?
3, 5, 6797237
What are the prime factors of 340683786?
2, 3, 6308959
What are the prime factors of 892457304?
2, 3, 37185721
What are the prime factors of 44869656?
2, 3, 13, 143813
What are the prime factors of 236487507?
3, 89, 885721
List the prime factors of 2712444568.
2, 339055571
What are the prime factors of 214389923?
11, 23, 227, 3733
List the prime factors of 46313454.
2, 3, 11, 701719
List the prime factors of 1207226182.
2, 2557, 236063
What are the prime factors of 1548513563?
1548513563
What are the prime factors of 771645602?
2, 7, 13, 4239811
What are the prime factors of 286299602?
2, 143149801
What are the prime factors of 197957087?
4493, 44059
What are the prime factors of 273870833?
17, 31, 47, 11057
What are the prime factors of 6063252660?
2, 3, 5, 317, 106261
List the prime factors of 176325551.
31, 79, 71999
List the prime factors of 2262329964.
2, 3, 521, 120619
What are the prime factors of 655260707?
655260707
List the prime factors of 3181860.
2, 3, 5, 11, 1607
List the prime factors of 94932176.
2, 571, 10391
List the prime factors of 237635841.
3, 79211947
List the prime factors of 212617526.
2, 11, 163, 211, 281
List the prime factors of 15737004.
2, 3, 48571
What are the prime factors of 705475698?
2, 3, 117579283
What are the prime factors of 580255146?
2, 3, 32236397
List the prime factors of 128728986.
2, 3, 21454831
List the prime factors of 1023341667.
3, 73, 2087, 2239
What are the prime factors of 134273429?
17, 223, 35419
List the prime factors of 98875618.
2, 37, 89, 15013
What are the prime factors of 694052711?
11, 233, 270797
What are the prime factors of 62053264?
2, 7, 13, 17, 23, 109
List the prime factors of 1920809806.
2, 15569, 61687
List the prime factors of 2519678456.
2, 29, 79, 137477
List the prime factors of 325289702.
2, 487, 333973
What are the prime factors of 97080402?
2, 3, 61, 265247
What are the prime factors of 2533482783?
3, 13, 17, 41, 47, 661
List the prime factors of 3671940.
2, 3, 5, 19, 3221
What are the prime factors of 338881238?
2, 163, 1039513
List the prime factors of 44138149.
11, 991, 4049
What are the prime factors of 253548422?
2, 126774211
What are the prime factors of 50765786?
2, 31, 61, 433
List the prime factors of 1202419812.
2, 3, 11, 661, 13781
List the prime factors of 127585608.
2, 3, 19, 83, 3371
List the prime factors of 456826066.
2, 43, 5311931
List the prime factors of 102063577.
7, 11, 1325501
List the prime factors of 1243771.
17, 23, 3181
List the prime factors of 97899363.
3, 881, 12347
List the prime factors of 55946197.
1489, 37573
List the prime factors of 3173081987.
5981, 530527
What are the prime factors of 2371138342?
2, 17, 69739363
List the prime factors of 419097606.
2, 3, 53, 1317917
What are the prime factors of 4476413050?
2, 5, 193, 307, 1511
What are the prime factors of 46333072?
2, 1237, 2341
What are the prime factors of 138323701?
127, 151, 7213
What are the prime factors of 177104498?
2, 88552249
List the prime factors of 164855918.
2, 163, 505693
List the prime factors of 994548267.
3, 23, 1601527
What are the prime factors of 2908838266?
2, 139, 409, 25583
What are the prime factors of 61075833?
3, 7, 13, 23, 71, 137
List the prime factors of 126706092.
2, 3, 293, 36037
List the prime factors of 1655985328.
2, 677, 152879
What are the prime factors of 1831569070?
2, 5, 757, 241951
What are the prime factors of 4944312?
2, 3, 43, 1597
List the prime factors of 256258252.
2, 64064563
What are the prime factors of 217864497?
3, 31, 419, 5591
List the prime factors of 3222731463.
3, 7, 17, 9027259
What are the prime factors of 700197526?
2, 7, 50014109
What are the prime factors of 612675732?
2, 3, 51056311
What are the prime factors of 1093427491?
13, 84109807
What are the prime factors of 182140832?
2, 2131, 2671
List the prime factors of 87377274.
2, 3, 641, 7573
What are the prime factors of 155147723?
337, 460379
List the prime factors of 1170510715.
5, 11, 101, 210713
What are the prime factors of 2617578526?
2, 23, 677, 84053
What are the prime factors of 120154509?
3, 164821
What are the prime factors of 121885182?
2, 3, 1009, 2237
List the prime factors of 587629011.
3, 727, 269431
What are the prime factors of 7700450081?
83, 92776507
What are the prime factors of 142247488?
2, 2222617
What are the prime factors of 4364233661?
31, 2081, 67651
What are the prime factors of 1890610?
2, 5, 189061
List the prime factors of 1118215044.
2, 3, 353, 3259
What are the prime factors of 1387079802?
2, 3, 29, 10181
What are the prime factors of 5878148033?
5878148033
List the prime factors of 28211457.
3, 31, 439, 691
List the prime factors of 6171855.
3, 5, 257, 1601
List the prime factors of 95693978.
2, 1039, 46051
List the prime factors of 122777885.
5, 127, 239, 809
List the prime factors of 98431082.
2, 853, 57697
List the prime factors of 723686764.
2, 29, 6238679
What are the prime factors of 8321295?
3, 5, 554753
What are the prime factors of 176671669?
109, 1620841
List the prime factors of 11653562.
2, 59, 61, 1619
What are the prime factors of 82161038?
2, 2063, 19913
List the prime factors of 229194614.
2, 11, 127, 82031
What are the prime factors of 11144509?
11144509
What are the prime factors of 156539598?
2, 3, 193, 135181
List the prime factors of 2058064714.
2, 97, 10608581
What are the prime factors of 32504559?
3, 10834853
What are the prime factors of 296696394?
2, 3, 439, 37547
What are the prime factors of 64025459?
19, 3369761
List the prime factors of 3556179775.
5, 107, 457, 2909
What are the prime factors of 17404825?
5, 61, 101, 113
What are the prime factors of 23749679?
61, 139, 2801
List the prime factors of 594242588.
2, 148560647
List the prime factors of 46749999.
3, 83, 187751
What are the prime factors of 142258850?
2, 5, 2845177
What are the prime factors of 1893806726?
2, 7, 135271909
List the prime factors of 274832473.
19, 14464867
What are the prime factors of 27907735?
5, 5581547
List the prime factors of 56489263.
56489263
List the prime factors of 27402752.
2, 13, 23, 179
What are the prime factors of 1493831104?
2, 163, 143197
What are the prime factors of 93429790?
2, 5, 17, 549587
List the prime factors of 126104306.
2, 63052153
What are the prime factors of 71090459?
11, 6462769
What are the prime factors of 645783928?
2, 80722991
List the prime factors of 14317349.
17, 107, 463
List the prime factors of 1322996994.
2, 3, 11, 29, 113, 2039
What are the prime factors of 68859277?
31, 47, 167, 283
List the prime factors of 1415211567.
3, 7, 11, 6126457
List the prime factors of 154522771.
13, 11886367
What are the prime factors of 3379533129?
3, 7, 23, 2332321
What are the prime factors of 79477770?
2, 3, 5, 349, 7591
List the prime factors of 1795706252.
2, 47, 9551629
List the prime factors of 611394944.
2, 4776523
What are the prime factors of 184214101?
19, 83, 199, 587
List the prime factors of 2365044342.
2, 3, 19, 241, 86083
List the prime factors of 484924896.
2, 3, 1683767
What are the prime factors of 20638517?
29, 241, 2953
List the prime factors of 617615489.
617615489
What are the prime factors of 1918840004?
2, 887, 540823
What are the prime factors of 7571774459?
29, 31, 290429
List the prime factors of 274366061.
19, 14440319
List the prim